 52971869 composite?
False
Is 181762681 composite?
True
Is 121678607 composite?
True
Is 71011 a prime number?
True
Is 77797 prime?
True
Is 1191481 a prime number?
True
Is 88670849 a composite number?
False
Is 25018243 prime?
True
Is 4621079 composite?
True
Is 105069 prime?
False
Is 236088371 prime?
True
Is 376532833 prime?
True
Is 431363 composite?
False
Is 1576213 a composite number?
True
Is 20969909 a prime number?
False
Is 3161113 composite?
True
Is 157215041 composite?
True
Is 1278163 composite?
False
Is 191294483 a composite number?
False
Is 25255163 a prime number?
True
Is 1235929 prime?
True
Is 6051457 a composite number?
False
Is 43253531 prime?
True
Is 50407493 a prime number?
False
Is 19941791 a prime number?
True
Is 26895281 prime?
False
Is 522286161 a composite number?
True
Is 718622 composite?
True
Is 17384327 composite?
False
Is 78165077 composite?
False
Is 40713107 prime?
True
Is 2862541 a prime number?
False
Is 13267109 a composite number?
True
Is 12171139 a prime number?
False
Is 179132683 a composite number?
False
Is 16295947 a composite number?
True
Is 107017723 a prime number?
False
Is 290118713 composite?
False
Is 558432163 a composite number?
False
Is 167147501 prime?
True
Is 611239 a prime number?
False
Is 88109914 a composite number?
True
Is 135215281 composite?
False
Is 883403 a prime number?
False
Is 9159155 a prime number?
False
Is 420822247 a composite number?
True
Is 2366071 a prime number?
True
Is 92577449 a composite number?
False
Is 6080117 a prime number?
False
Is 28309271 composite?
False
Is 2540933 prime?
True
Is 15729451 prime?
False
Is 33409841 composite?
False
Is 252533 prime?
True
Is 9142849 a prime number?
True
Is 154563 prime?
False
Is 854749009 a composite number?
True
Is 1053691 composite?
False
Is 26795269 a prime number?
True
Is 36656119 composite?
True
Is 159365 prime?
False
Is 346428997 composite?
True
Is 3979957 composite?
False
Is 8797771 prime?
True
Is 26148739 composite?
False
Is 20316039 a composite number?
True
Is 37173811 composite?
True
Is 913571 a composite number?
False
Is 44167891 a composite number?
False
Is 4065871 composite?
True
Is 200827937 a prime number?
True
Is 2500763 a prime number?
False
Is 116903179 composite?
True
Is 13193331 prime?
False
Is 35925949 composite?
False
Is 14723107 a composite number?
True
Is 4607159 composite?
True
Is 4192241 prime?
False
Is 3226933 a composite number?
False
Is 20122939 prime?
False
Is 246691623 a prime number?
False
Is 19805437 composite?
True
Is 55634437 a composite number?
False
Is 321541 a composite number?
True
Is 158781461 composite?
True
Is 3114907 a prime number?
False
Is 562181 a composite number?
False
Is 5004491 composite?
False
Is 153422553 prime?
False
Is 8441273 a composite number?
False
Is 2523691 a prime number?
False
Is 107557951 a prime number?
False
Is 11381147 a prime number?
True
Is 4293587 a composite number?
True
Is 10720519 a prime number?
True
Is 46087343 prime?
False
Is 2913791 composite?
False
Is 1909981 a prime number?
True
Is 31055657 a composite number?
False
Is 48777455 a composite number?
True
Is 321699005 composite?
True
Is 2380853 composite?
False
Is 306128467 composite?
False
Is 1171031 a composite number?
False
Is 1662697 composite?
False
Is 54112231 composite?
True
Is 15211139 composite?
False
Is 254649293 a composite number?
False
Is 7708571 prime?
False
Is 66738169 a prime number?
True
Is 81474791 composite?
True
Is 15595889 a composite number?
False
Is 303569215 a prime number?
False
Is 10138339 a prime number?
False
Is 351996353 composite?
True
Is 3613606 a prime number?
False
Is 33959181 composite?
True
Is 360125963 prime?
True
Is 28576021 a prime number?
True
Is 40078681 prime?
False
Is 179173 prime?
True
Is 4196333 a prime number?
True
Is 845707 a prime number?
False
Is 73685719 composite?
False
Is 10111081 a composite number?
False
Is 5103509 prime?
True
Is 36099541 a composite number?
False
Is 20995267 a prime number?
True
Is 116935493 a composite number?
False
Is 209743 a composite number?
False
Is 44076059 a prime number?
True
Is 4997173 a composite number?
False
Is 28940893 a prime number?
False
Is 2996143 prime?
False
Is 130957 composite?
False
Is 4056461 prime?
False
Is 422837663 a prime number?
True
Is 818069693 composite?
True
Is 617569 composite?
True
Is 172669957 composite?
True
Is 22869766 composite?
True
Is 155523503 composite?
False
Is 1416997 prime?
True
Is 6975791 a composite number?
False
Is 7153 a composite number?
True
Is 53007862 composite?
True
Is 64906373 composite?
True
Is 1602379 prime?
True
Is 21456403 a composite number?
False
Is 14566853 a composite number?
True
Is 59190767 composite?
False
Is 31855037 a composite number?
False
Is 38934107 a composite number?
True
Is 22772209 a prime number?
True
Is 1341409 prime?
True
Is 12748153 a composite number?
True
Is 10487953 a prime number?
False
Is 1107069 a composite number?
True
Is 6275221 composite?
True
Is 545747 a composite number?
False
Is 647267 prime?
False
Is 28310153 a composite number?
False
Is 961271 a prime number?
False
Is 29707541 a composite number?
True
Is 515604461 composite?
True
Is 50169377 prime?
False
Is 2445787 composite?
True
Is 205940143 a composite number?
True
Is 4489201 composite?
True
Is 10566323 composite?
True
Is 30896777 a composite number?
False
Is 4049107 prime?
True
Is 49556257 prime?
False
Is 94160317 a composite number?
True
Is 69244853 prime?
True
Is 4136591 composite?
True
Is 8489413 prime?
True
Is 4182835 a composite number?
True
Is 33725899 a prime number?
False
Is 58034401 prime?
False
Is 39595931 composite?
True
Is 23589941 composite?
False
Is 57928649 composite?
False
Is 195994195 composite?
True
Is 1166969 prime?
True
Is 863261051 prime?
False
Is 11789 prime?
True
Is 10012273 composite?
True
Is 1030981 composite?
True
Is 4831753 a prime number?
False
Is 1031399 prime?
True
Is 17167281 composite?
True
Is 1318431917 a composite number?
True
Is 98600573 a prime number?
True
Is 968773 composite?
True
Is 2412379 prime?
True
Is 3300267 prime?
False
Is 1097009 prime?
True
Is 13862357 composite?
False
Is 863571 a prime number?
False
Is 1422178 prime?
False
Is 142707359 a prime number?
True
Is 372013 prime?
True
Is 2657843 composite?
False
Is 6075791 composite?
True
Is 162693373 a composite number?
False
Is 17674031 prime?
True
Is 393473 a prime number?
True
Is 9680981 a prime number?
False
Is 6703109 composite?
True
Is 57244237 composite?
False
Is 23165431 prime?
True
Is 21879535 a prime number?
False
Is 819176681 a prime number?
False
Is 48557 a composite number?
True
Is 44597327 a prime number?
False
Is 37733573 a prime number?
False
Is 259782233 composite?
True
Is 8244799 a composite number?
False
Is 294415087 composite?
True
Is 1591297 a prime number?
False
Is 13377271 composite?
True
Is 29989 composite?
False
Is 2725111 a composite number?
True
Is 73267217 a prime number?
True
Is 132542853 a prime number?
False
Is 2009107 prime?
True
Is 1233767005 prime?
False
Is 188821627 a prime number?
False
Is 671605879 composite?
True
Is 560393 composite?
False
Is 1952623 a composite number?
False
Is 1906798 composite?
True
Is 108200851 prime?
False
Is 121162645 a composite number?
True
Is 7748623 a prime number?
True
Is 150016345 a prime number?
False
Is 1431193973 composite?
True
Is 17458849 prime?
True
Is 437789647 a prime number?
True
Is 1026791 a composite number?
False
Is 5814223 a composite number?
False
Is 118218193 composite?
False
Is 160181849 a prime number?
True
Is 158747 a prime number?
True
Is 1297139 a prime number?
True
Is 18123635 composite?
True
Is 312935819 composite?
True
Is 6507649 a prime number?
True
Is 2238343 a composite number?
True
Is 46427543 prime?
True
Is 530639273 a prime number?
True
Is 3967259 composite?
False
Is 3016291 prime?
True
Is 457693 prime?
False
Is 50847142 composite?
True
Is 125114159 prime?
True
Is 9275347 a prime number?
False
Is 445931 a prime number?
True
Is 174097073 a prime number?
False
Is 3528743 a composite number?
False
Is 348094 a composite number?
True
Is 143401649 composite?
False
Is 1033853 a composite number?
True
Is 55920419 a composite number?
False
Is 20440487 a prime number?
True
Is 766991 a prime number?
False
Is 16712957 prime?
Tru